n (-11)/(-33) + 1114/6 is divided by 47.
45
Let j(x) = 2*x + 35. Suppose 3*d + 3*b - 51 = 0, 40 + 32 = 4*d + 2*b. What is the remainder when j(0) is divided by d?
16
Let w = -8 + -6. Let q = w + 48. What is the remainder when q is divided by 9?
7
Suppose -5*f + 260 = -130. Suppose -5*i + 2*i + f = 0. Calculate the remainder when 51 is divided by i.
25
Let z(f) = f**3 - f**2 + f + 9. Let c be z(0). Suppose -n + 3*n = 3*m - 13, 0 = m - 4*n + c. What is the remainder when 20 is divided by m?
6
Calculate the remainder when 14 is divided by 16/5 + 8/10.
2
Let k(n) = -n**2 + 5*n + 4. Let q be k(6). Let t be q*(2 + (-9)/(-6)). Let c = 6 - t. What is the remainder when 37 is divided by c?
11
Let a(o) = 4 - 7*o - 4 - o**2 - 2. Suppose -2*n + 46 = 4*m, -94 = -4*n - m - 2. Calculate the remainder when n is divided by a(-5).
7
Let g(q) = -24*q + 2. Let t be g(-4). Suppose 4*x = -3*i + t, -x + 144 = 4*i + x. Calculate the remainder when i is divided by 10.
8
Let k(j) = -j**3 - 4*j**2 + 12*j + 10. What is the remainder when k(-7) is divided by 25?
23
Let m = 21 - 9. Let l = 34 + -12. Calculate the remainder when l is divided by m.
10
Suppose q = 14*q - 377. Calculate the remainder when q is divided by 16.
13
Let x = -62 + 110. Let d = x - 25. What is the remainder when d is divided by 12?
11
Let h(k) = -k - 6. Let u be h(-6). Suppose f + 4 - 1 = u. Calculate the remainder when 15 is divided by f/((-9)/48*2).
7
Let d = -5 + 5. Suppose 2*g - 3*g - 12 = d. Calculate the remainder when 18 is divided by 0 + -4 + 2 - g.
8
Let a be (21/9 + -2)*3. Calculate the remainder when 20 is divided by a + (0 - -1) + 9.
9
Let z = -23 + 28. What is the remainder when 52 is divided by (13 + z)/(1 + 0)?
16
Suppose 533 = -3*a + 4*w, -5*a + 8*w - 890 = 3*w. Let p = -106 - a. Let d = p + -44. Calculate the remainder when d is divided by 10.
9
Calculate the remainder when 30 is divided by 24/8 + -1*1*-13.
14
Suppose k - 5*r = 109, -3*k + 3*r + 113 = -2*k. Calculate the remainder when k is divided by 12.
11
Let m be (-4 - -2)*(-3)/(-6). What is the remainder when 25 is divided by -3 + 3 + m + 10?
7
Suppose 21 = 5*r - 4. Calculate the remainder when 9 is divided by r.
4
Calculate the remainder when 26 is divided by (-36)/(-16)*(-8)/(-2).
8
Let r be (4/6)/(2/15). Suppose u = 4*c - 52, -2*c + 6 = r*u + 2. Calculate the remainder when 46 is divided by c.
10
Suppose -4*q = -0*q - 4. What is the remainder when (0 + 2)*2/4 is divided by q?
0
Let s = -15 + 17. Suppose 2*k = -2*d + 74, -s*d - 107 = -3*k + 24. What is the remainder when k is divided by 11?
8
Let l = 4 - 12. Let x be (-2)/3 - l/3. Suppose 0 = -4*u + x*u + 28. Calculate the remainder when 41 is divided by u.
13
Suppose 5*o - 8*o = -6. Suppose -3*u + 2*m + 69 = 0, o*u + m = 7 + 39. Calculate the remainder when 67 is divided by u.
21
Suppose -4*m + 6 + 2 = 0. Suppose -9 = -4*z - 21, -4*z + 12 = 4*c. Calculate the remainder when c is divided by m.
0
Let f(c) = 27*c - 29. What is the remainder when 147 is divided by f(2)?
22
Suppose 0 = 3*q + 10*q - 468. Calculate the remainder when q is divided by 8.
4
Suppose 37 - 95 = -3*q - 2*g, -4*q = 4*g - 80. Suppose -4*l + q - 2 = 0, 5*l = 5*w - 95. Let z = -16 + w. What is the remainder when 13 is divided by z?
6
Let p = -13 - -16. What is the remainder when 3 is divided by p?
0
Suppose -76 - 69 = -5*d. Calculate the remainder when d is divided by 15.
14
Suppose 5*x = -13 + 3. Let s(d) = -4*d**3 - 2*d**2 + d. What is the remainder when 41 is divided by s(x)?
19
Suppose -10 = -3*t + 38. What is the remainder when 62 is divided by t?
14
Let k = 13 + -13. Suppose 3*o = 4*l + 36, k = o - 4*l + 2*l - 14. What is the remainder when 29 is divided by o?
5
Suppose s - 4*s = -12. Suppose 4 = -s*j + 64. Calculate the remainder when 57 is divided by j.
12
Let f = -27 + 60. Calculate the remainder when f is divided by 17.
16
Let n = 4 - 2. Let i be (2 - 8)*n/(-3). Suppose 5*r - 12 = i*r. What is the remainder when 35 is divided by r?
11
Let o(n) = 17*n**2 - 4*n + 4. What is the remainder when o(3) is divided by 37?
34
Suppose -5*o - 21 = -3*t, 2*t - o - o - 10 = 0. Let u = -9 + 5. What is the remainder when (12/(-15))/(u/10) is divided by t?
0
Suppose -13 = -2*d - 5*g, -27 + 7 = -4*d - 4*g. Suppose -2*h = j - 1 + 3, -10 = 5*h. What is the remainder when d is divided by j/(-2) - (-3)/1?
0
Suppose 8 = -4*h + 48. Suppose -11 = -z + h. What is the remainder when 60 is divided by z?
18
Let p(j) = -3 - 5*j + 3*j + j + 6*j. What is the remainder when p(5) is divided by 8?
6
Let z be (1 + 85)/(-2 + 4). Let y = 64 - z. What is the remainder when 41 is divided by y?
20
Let n(u) = u**2 + u + 134. What is the remainder when n(0) is divided by 27?
26
Let r(k) = 4*k**2 - 4*k - 18. What is the remainder when (-524)/(-6) + 3/(-9) is divided by r(-3)?
27
Let u = -22 + 58. Let d(t) = 12 + 0*t + 14*t - 13. What is the remainder when u is divided by d(1)?
10
Suppose -391 = -3*d - 4*v, -207 = -3*d + 5*v + 148. Calculate the remainder when d is divided by 63.
62
Suppose 3*q = 3*c + 18, -2*c + 10 = -q + 3*c. What is the remainder when q is divided by 2?
0
Suppose 3*i - 4*i = 33. Let d(g) = -g**2 + 34*g - 209. What is the remainder when d(21) is divided by 12/(-9)*i/2?
20
Let b = 2 - -10. Suppose 0 = 2*p - 4*v + b, -5*p + 5*v + 0*v - 10 = 0. Calculate the remainder when p is divided by 1.
0
Let k be (-1)/(-2*(-2)/(-20)). Suppose -33 = -k*w + 22. Calculate the remainder when 21 is divided by w.
10
Suppose -2*t + t + 177 = 0. Calculate the remainder when t is divided by 18.
15
Let w(t) = t**2 - 6*t + 5. Suppose 3*a - 7*a + 28 = 0. Suppose -5*f - 4*g = -162, -2*g - 1 = 3. Calculate the remainder when f is divided by w(a).
10
Suppose 0 = -7*f + f + 210. Calculate the remainder when f is divided by 18.
17
Calculate the remainder when ((-1*16)/(-4))/1 is divided by 3.
1
Let h(l) = -2*l - 1. Let v be h(1). Let d = -22 - -8. Let p = v - d. Calculate the remainder when 20 is divided by p.
9
Suppose -l + 13 = -5. Suppose 0 = -3*j + 6 + 24. Calculate the remainder when l is divided by j.
8
Suppose -34 - 38 = -2*y. What is the remainder when 105 is divided by y?
33
Suppose 0*o = -4*o. Suppose o = 2*l - 9 - 31. What is the remainder when l is divided by 7?
6
Let x(w) = w**2 + 2*w - 6. Let c be -12*(-2 + 5/2). Let j be x(c). Suppose -f + j = f. What is the remainder when 17 is divided by f?
8
Let s = -5 + 8. What is the remainder when (1 - 1)/s + 12 is divided by 7?
5
Let b = -10 + 24. What is the remainder when 53 is divided by b?
11
Let h = 19 - 11. Let k = 399 - 396. Calculate the remainder when h is divided by k.
2
Let a = 4 + 3. What is the remainder when 2/(-7) - (-191)/a is divided by 7?
6
Suppose 0 = -0*y + 5*y - 70. Calculate the remainder when 125 is divided by y.
13
Suppose -5*u + 2*d - d + 5 = 0, 2*u - 24 = -4*d. Suppose 0*m + 46 = u*m. What is the remainder when m is divided by 13?
10
What is the remainder when (44 - 1) + (0 - -4) is divided by 10?
7
Suppose -5*p - 2*u = 2*u + 310, 0 = 5*p - 3*u + 275. Let r be (1 + -2)*p*1. Suppose -2*j + j = -r. Calculate the remainder when j is divided by 15.
13
Let b be 7/14 - (-218)/4. Let p = -38 + b. Calculate the remainder when p is divided by 9.
8
Suppose s - 2*s = -99. Calculate the remainder when s is divided by 25.
24
Let v be (-198)/12*4/(-6). Suppose 3*n = -2*a + v, -3*a - 5 - 1 = 0. What is the remainder when 6 is divided by (-4)/n*5/(-2)?
0
Suppose -7*r = -12*r + 20. Suppose 0 = -r*v - 0*v + 44. Calculate the remainder when v is divided by 4.
3
Let n(s) = -2*s + 4. Let o be 2/(-5) - 804/(-10). What is the remainder when (-7)/((-28)/o) - 2 is divided by n(-3)?
8
Suppose 4*f = -f + 530. Suppose 0 = -5*u + m + f, 4*u + 2*m - 80 = -2*m. Calculate the remainder when u is divided by 6.
3
Suppose -x - 3*x - 5*w + 7 = 0, -x + 2 = w. Let a be (5 + -4)*(x - -1). Calculate the remainder when 13 is divided by 23/3 + a/(-6).
6
Suppose 2*n - 60 = -2*n. Suppose 0*x + x - 1 = 0. Let y(m) = 43*m**3 + m - 1. Calculate the remainder when y(x) is divided by n.
13
Let k = 4 + 1. Let z(r) = -r**2 + 9*r + 1. Let l be z(9). Calculate the remainder when (1/(-3))/(l/(-27)) is divided by k.
4
Let k = 16 + -35. Let g = -11 - k. Let p = 4 + 1. Calculate the remainder when g is divided by p.
3
Suppose 